Calculate the remainder when 159 is divided by 18.
15
Calculate the remainder when 387 is divided by 13.
10
What is the remainder when 9613 is divided by 11?
10
Calculate the remainder when 37 is divided by 28.
9
Calculate the remainder when 6939 is divided by 131.
127
What is the remainder when 3148 is divided by 225?
223
Calculate the remainder when 411 is divided by 99.
15
What is the remainder when 1886 is divided by 81?
23
What is the remainder when 44 is divided by 12?
8
Calculate the remainder when 110 is divided by 107.
3
Calculate the remainder when 148 is divided by 78.
70
What is the remainder when 478 is divided by 242?
236
What is the remainder when 7404 is divided by 2467?
3
Calculate the remainder when 7916 is divided by 87.
86
What is the remainder when 618 is divided by 77?
2
What is the remainder when 266 is divided by 66?
2
Calculate the remainder when 1390 is divided by 12.
10
Calculate the remainder when 52 is divided by 18.
16
What is the remainder when 819 is divided by 810?
9
What is the remainder when 367 is divided by 27?
16
Calculate the remainder when 55 is divided by 23.
9
Calculate the remainder when 717 is divided by 24.
21
What is the remainder when 164 is divided by 64?
36
What is the remainder when 1975 is divided by 12?
7
Calculate the remainder when 256 is divided by 63.
4
What is the remainder when 1905 is divided by 12?
9
What is the remainder when 799 is divided by 8?
7
Calculate the remainder when 547 is divided by 11.
8
What is the remainder when 658 is divided by 323?
12
Calculate the remainder when 230 is divided by 26.
22
Calculate the remainder when 14699 is divided by 35.
34
Calculate the remainder when 171 is divided by 44.
39
What is the remainder when 254 is divided by 26?
20
What is the remainder when 569 is divided by 82?
77
What is the remainder when 623 is divided by 13?
12
Calculate the remainder when 1045 is divided by 176.
165
Calculate the remainder when 2356 is divided by 772.
40
Calculate the remainder when 10191 is divided by 56.
55
Calculate the remainder when 215 is divided by 137.
78
What is the remainder when 16829 is divided by 33?
32
What is the remainder when 19872 is divided by 53?
50
What is the remainder when 2501 is divided by 21?
2
What is the remainder when 82 is divided by 43?
39
What is the remainder when 109 is divided by 31?
16
What is the remainder when 709 is divided by 89?
86
Calculate the remainder when 16807 is divided by 4199.
11
Calculate the remainder when 1141 is divided by 312.
205
Calculate the remainder when 1690 is divided by 14.
10
What is the remainder when 1321 is divided by 110?
1
What is the remainder when 600 is divided by 14?
12
Calculate the remainder when 322 is divided by 54.
52
Calculate the remainder when 479 is divided by 17.
3
What is the remainder when 319 is divided by 16?
15
What is the remainder when 45 is divided by 12?
9
What is the remainder when 1431 is divided by 120?
111
Calculate the remainder when 10090 is divided by 102.
94
What is the remainder when 399 is divided by 37?
29
Calculate the remainder when 274 is divided by 11.
10
What is the remainder when 123 is divided by 23?
8
Calculate the remainder when 734 is divided by 16.
14
Calculate the remainder when 396 is divided by 396.
0
Calculate the remainder when 185 is divided by 21.
17
What is the remainder when 97 is divided by 21?
13
Calculate the remainder when 178 is divided by 26.
22
Calculate the remainder when 1489 is divided by 149.
148
What is the remainder when 2228 is divided by 4?
0
Calculate the remainder when 205 is divided by 69.
67
What is the remainder when 178 is divided by 37?
30
What is the remainder when 419 is divided by 106?
101
What is the remainder when 836 is divided by 60?
56
What is the remainder when 3184 is divided by 49?
48
What is the remainder when 415 is divided by 116?
67
Calculate the remainder when 755 is divided by 22.
7
What is the remainder when 158 is divided by 87?
71
Calculate the remainder when 194 is divided by 86.
22
Calculate the remainder when 563 is divided by 35.
3
What is the remainder when 4085 is divided by 1360?
5
Calculate the remainder when 1448 is divided by 666.
116
What is the remainder when 119 is divided by 36?
11
What is the remainder when 563 is divided by 19?
12
Calculate the remainder when 294 is divided by 118.
58
Calculate the remainder when 589 is divided by 272.
45
Calculate the remainder when 737 is divided by 34.
23
What is the remainder when 122 is divided by 63?
59
Calculate the remainder when 353 is divided by 190.
163
Calculate the remainder when 15 is divided by 2.
1
What is the remainder when 476 is divided by 2?
0
What is the remainder when 409 is divided by 46?
41
Calculate the remainder when 116 is divided by 11.
6
Calculate the remainder when 113 is divided by 29.
26
Calculate the remainder when 275 is divided by 207.
68
Calculate the remainder when 42 is divided by 24.
18
Calculate the remainder when 49 is divided by 27.
22
What is the remainder when 135 is divided by 17?
16
What is the remainder when 793 is divided by 57?
52
What is the remainder when 979 is divided by 35?
34
What is the remainder when 13450 is divided by 236?
234
What is the remainder when 751 is divided by 29?
26
Calculate the remainder when 932 is divided by 225.
32
What is the remainder when 147 is divided by 22?
15
Calculate the remainder when 369 is divided by 53.
51
Calculate the remainder when 430 is divided by 7.
3
What is the remainder when 240 is divided by 13?
6
Calculate the remainder when 52 is divided by 37.
15
Calculate the remainder when 2004 is divided by 13.
2
Calculate the remainder when 81 is divided by 22.
15
Calculate the remainder when 1095 is divided by 7.
3
Calculate the remainder when 606 is divided by 152.
150
Calculate the remainder when 2333 is divided by 49.
30
Calculate the remainder when 2747 is divided by 10.
7
What is the remainder when 83 is divided by 7?
6
What is the remainder when 10637 is divided by 9?
8
Calculate the remainder when 2199 is divided by 31.
29
Calculate the remainder when 590 is divided by 74.
72
Calculate the remainder when 154 is divided by 23.
16
What is the remainder when 296 is divided by 23?
20
What is the remainder when 2345 is divided by 581?
21
Calculate the remainder when 193 is divided by 25.
18
Calculate the remainder when 1064 is divided by 41.
39
What is the remainder when 4 is divided by 3?
1
What is the remainder when 402 is divided by 27?
24
What is the remainder when 757 is divided by 58?
3
Calculate the remainder when 6 is divided by 6.
0
What is the remainder when 4269 is divided by 99?
12
Calculate the remainder when 1506 is divided by 39.
24
Calculate the remainder when 2776 is divided by 165.
136
Calculate the remainder when 306 is divided by 7.
5
What is the remainder when 18 is divided by 4?
2
What is the remainder when 302 is divided by 189?
113
Calculate the remainder when 8929 is divided by 58.
55
Calculate the remainder when 365 is divided by 88.
13
Calculate the remainder when 113 is divided by 9.
5
Calculate the remainder when 1159 is divided by 20.
19
What is the remainder when 65 is divided by 10?
5
Calculate the remainder when 228 is divided by 48.
36
Calculate the remainder when 6291 is divided by 13.
12
Calculate the remainder when 193 is divided by 12.
1
Calculate the remainder when 119 is divided by 31.
26
Calculate the remainder when 1959 is divided by 14.
13
What is the remainder when 85 is divided by 82?
3
What is the remainder when 29 is divided by 10?
9
Calculate the remainder when 376 is divided by 99.
79
Calculate the remainder when 851 is divided by 234.
149
What is the remainder when 151 is divided by 36?
7
Calculate the remainder when 22045 is divided by 30.
25
What is the remainder when 112 is divided by 64?
48
What is the remainder when 3688 is divided by 1227?
7
Calculate the remainder when 191 is divided by 12.
11
Calculate the remainder when 118 is divided by 35.
13
Calculate the remainder when 15 is divided by 8.
7
Calculate the remainder when 423 is divided by 140.
3
Calculate the remainder when 3882 is divided by 27.
21
Calculate the remainder when 611 is divided by 34.
33
What is the remainder when 39 is divided by